 3046?
3
What is the units digit of 1233?
3
What is the tens digit of 18317?
1
What is the units digit of 17278?
8
What is the hundreds digit of 6173?
1
What is the hundreds digit of 1902?
9
What is the tens digit of 3328?
2
What is the ten thousands digit of 11168?
1
What is the tens digit of 7614?
1
What is the tens digit of 1564?
6
What is the units digit of 494?
4
What is the tens digit of 5634?
3
What is the units digit of 2695?
5
What is the tens digit of 20386?
8
What is the hundreds digit of 803?
8
What is the thousands digit of 16966?
6
What is the hundreds digit of 549?
5
What is the tens digit of 4448?
4
What is the hundreds digit of 5289?
2
What is the hundreds digit of 37716?
7
What is the units digit of 10654?
4
What is the ten thousands digit of 18122?
1
What is the thousands digit of 72166?
2
What is the hundreds digit of 32982?
9
What is the units digit of 3001?
1
What is the hundreds digit of 124682?
6
What is the thousands digit of 2632?
2
What is the hundreds digit of 1521?
5
What is the ten thousands digit of 11270?
1
What is the units digit of 69183?
3
What is the units digit of 85?
5
What is the units digit of 34568?
8
What is the hundreds digit of 3441?
4
What is the thousands digit of 3972?
3
What is the hundreds digit of 894?
8
What is the hundreds digit of 7422?
4
What is the hundreds digit of 2452?
4
What is the units digit of 42215?
5
What is the units digit of 24337?
7
What is the ten thousands digit of 17086?
1
What is the units digit of 25799?
9
What is the thousands digit of 3114?
3
What is the tens digit of 1076?
7
What is the hundreds digit of 15873?
8
What is the units digit of 1284?
4
What is the tens digit of 21285?
8
What is the hundreds digit of 7465?
4
What is the tens digit of 1306?
0
What is the hundreds digit of 7398?
3
What is the hundreds digit of 14805?
8
What is the ten thousands digit of 124533?
2
What is the tens digit of 41341?
4
What is the tens digit of 993?
9
What is the tens digit of 108721?
2
What is the thousands digit of 28447?
8
What is the thousands digit of 6971?
6
What is the units digit of 570?
0
What is the tens digit of 34890?
9
What is the thousands digit of 58831?
8
What is the thousands digit of 48137?
8
What is the units digit of 10201?
1
What is the thousands digit of 5421?
5
What is the hundreds digit of 1450?
4
What is the hundreds digit of 17347?
3
What is the thousands digit of 67776?
7
What is the hundreds digit of 109858?
8
What is the tens digit of 1123?
2
What is the ten thousands digit of 88201?
8
What is the units digit of 419?
9
What is the thousands digit of 49859?
9
What is the tens digit of 35?
3
What is the hundreds digit of 4086?
0
What is the hundreds digit of 190?
1
What is the tens digit of 43978?
7
What is the tens digit of 29182?
8
What is the units digit of 79967?
7
What is the tens digit of 15139?
3
What is the hundreds digit of 19005?
0
What is the tens digit of 17661?
6
What is the ten thousands digit of 21595?
2
What is the hundreds digit of 779?
7
What is the ten thousands digit of 87817?
8
What is the tens digit of 15000?
0
What is the hundreds digit of 37630?
6
What is the thousands digit of 25271?
5
What is the units digit of 166310?
0
What is the hundreds digit of 27251?
2
What is the units digit of 7011?
1
What is the thousands digit of 35552?
5
What is the tens digit of 971?
7
What is the units digit of 107231?
1
What is the units digit of 59872?
2
What is the thousands digit of 2742?
2
What is the tens digit of 595?
9
What is the units digit of 6750?
0
What is the hundreds digit of 606?
6
What is the thousands digit of 1637?
1
What is the hundreds digit of 9302?
3
What is the hundreds digit of 1260?
2
What is the tens digit of 2562?
6
What is the thousands digit of 17154?
7
What is the ten thousands digit of 63604?
6
What is the units digit of 10922?
2
What is the hundreds digit of 343?
3
What is the units digit of 23578?
8
What is the ten thousands digit of 10082?
1
What is the tens digit of 1193?
9
What is the hundreds digit of 63326?
3
What is the hundreds digit of 4178?
1
What is the ten thousands digit of 10007?
1
What is the tens digit of 502?
0
What is the ten thousands digit of 108211?
0
What is the tens digit of 47?
4
What is the thousands digit of 67142?
7
What is the thousands digit of 12190?
2
What is the hundreds digit of 42462?
4
What is the hundreds digit of 129106?
1
What is the thousands digit of 173514?
3
What is the units digit of 88195?
5
What is the units digit of 13651?
1
What is the ten thousands digit of 43159?
4
What is the units digit of 904?
4
What is the hundreds digit of 3826?
8
What is the hundreds digit of 50803?
8
What is the thousands digit of 1618?
1
What is the thousands digit of 33587?
3
What is the units digit of 15365?
5
What is the thousands digit of 7568?
7
What is the units digit of 5192?
2
What is the tens digit of 6300?
0
What is the tens digit of 836?
3
What is the units digit of 7663?
3
What is the hundreds digit of 62591?
5
What is the thousands digit of 7310?
7
What is the thousands digit of 1591?
1
What is the tens digit of 1384?
8
What is the tens digit of 38690?
9
What is the tens digit of 3702?
0
What is the tens digit of 1345?
4
What is the hundreds digit of 74419?
4
What is the thousands digit of 9263?
9
What is the thousands digit of 85557?
5
What is the units digit of 2646?
6
What is the units digit of 37147?
7
What is the units digit of 1431?
1
What is the ten thousands digit of 32617?
3
What is the tens digit of 8049?
4
What is the units digit of 961?
1
What is the units digit of 19617?
7
What is the hundreds digit of 3717?
7
What is the units digit of 1569?
9
What is the units digit of 4010?
0
What is the units digit of 9991?
1
What is the ten thousands digit of 38353?
3
What is the hundreds digit of 811?
8
What is the tens digit of 5308?
0
What is the tens digit of 5124?
2
What is the units digit of 1771?
1
What is the tens digit of 1102?
0
What is the units digit of 558?
8
What is the units digit of 11977?
7
What is the ten thousands digit of 38192?
3
What is the units digit of 74945?
5
What is the tens digit of 1389?
8
What is the thousands digit of 11470?
1
What is the thousands digit of 87021?
7
What is the ten thousands digit of 101974?
0
What is the hundreds digit of 23715?
7
What is the units digit of 3179?
9
What is the hundreds digit of 19244?
2
What is the hundreds digit of 896?
8
What is the thousands digit of 72631?
2
What is the units digit of 1593?
3
What is the hundreds digit of 1070?
0
What is the tens digit of 44962?
6
What is the tens digit of 11516?
1
What is the thousands digit of 5778?
5
What is the thousands digit of 4197?
4
What is the thousands digit of 8375?
8
What is the tens digit of 260?
6
What is the thousands digit of 65409?
5
What is the tens digit of 1201?
0
What is the hundreds digit of 999?
9
What is the thousands digit of 14208?
4
What is the tens digit of 1711?
1
What is the units digit of 3250?
0
What is the units digit of 291?
1
What is the units digit of 1469?
9
What is the hundreds digit of 48311?
3
What is the thousands digit of 170301?
0
What is the thousands digit of 4091?
4
What is the tens digit of 5769?
6
What is the units digit of 6434?
4
What is the ten thousands digit of 34704?
3
What is the thousands digit of 40819?
0
What is the tens digit of 73613?
1
What is the hundreds digit of 3404?
4
What is the ten thousands digit of 85279?
8
What is the tens digit of 14100?
0
What is the thousands digit of 7180?
7
What is the tens digit of 692?
9
What is the tens digit of 7227?
2
What is the units digit of 559?
9
What is the thousands digit of 3540?
3
What is the tens digit of 7472?
7
What is the units digit of 83?
3
What is the thousands digit of 14854?
4
What is the ten thousands digit of 20930?
2
What is the tens digit of 944?
4
What is the tens digit of 2438?
3
What is the units digit of 550?
0
What is the tens digit of 1149?
4
What is the thousands digit of 84380?
4
What is the hundreds digit of 3672?
6
What is the thousands digit of 9070?
9
What is the tens digit of 3390?
9
What is the tens digit of 2800?
0
What is the units digit of 2609?
9
What is the hundreds digit of 15129?
1
What is the units digit of 10758?
8
What is the ten t